+ -2)?
-7
Calculate (-16 - 49) + 95 + (0 - -2) + -6.
26
-9 + (3 - (5 + (2 - 5))) - -17
9
Calculate -20 - -3 - 1 - (-5 - 0).
-13
-42 - (-25 + 27 + -19)
-25
Evaluate 10 - 21 - -24 - -2.
15
What is the value of 14 + (-6 - (18 - 15))?
5
What is the value of -41 + -12 + -2 + 4 + 21?
-30
36 + -26 - (-3 + 5)
8
Calculate -1 + 14 + (-223 - -203).
-7
Calculate 20 + (10 - 7 - -8 - 22).
9
30 + 48 + -40 - 24
14
Evaluate (42 - 29) + 3 + -2.
14
4 - (8 + -13 - -3)
6
Evaluate (0 - 11) + (-92 - -108).
5
What is -22 - (28 + -17 - 22)?
-11
Evaluate 0 + 18 + -76 + (-11 - -42).
-27
-1 + 9 - 3 - -5
10
What is the value of -1 + -17 - (4 + (30 - (31 + -2)))?
-23
What is -3 - (-2 + 9 + -3)?
-7
77 + -76 + 1 + 0
2
What is the value of 24 + -2 + -110 + 95?
7
What is the value of -17 - 3 - (27 - 36)?
-11
-46 + (5 - -28) + 34
21
What is the value of -1 - (1 + 0 + -4 + -2 + 3)?
1
What is (8 - (-3 + 0)) + (0 - -5 - 2)?
14
What is -21 + (-6 - 0 - (59 - 60)) + 3?
-23
What is the value of -11 + (-1 + (-5 - -4) - -4)?
-9
What is -3 + 1 + 31 + (28 - 68)?
-11
What is (-5 - (-37 - -17)) + -28?
-13
297 - 321 - (23 - 7)
-40
4 + (12 - 13) - 11
-8
What is the value of -25 + 5 + 17 + -11 - 4?
-18
-4 + -56 + 34 + 1 + 15
-10
What is (-27 - -47) + (-22 - -4)?
2
Calculate 9 + (-1 + -16 - -2).
-6
What is the value of (-40 - -49) + 1 + (1 - -7)?
18
(357 - 385) + (3 - -26)
1
Evaluate 6 + (-10 - -6) - (6 + 13).
-17
Calculate (3 - 8) + 0 + (-4 - 1).
-10
What is (6 - (2 + (7 - 2))) + 5 + -1?
3
Evaluate -3 - (3 - 7) - (2 + (12 - -3)).
-16
Calculate (-5 - (-5 + -4)) + (0 - -8).
12
What is 799 - 796 - (-25 - -2)?
26
Calculate -10 + 0 + -2 + (32 - 21 - 13).
-14
What is the value of -201 + 219 - (16 - 2)?
4
What is (3 - 3) + 20 + -25 - -12?
7
(-19 - -4) + (3 - (7 - 12))
-7
Calculate -9 - (26 + -18) - -24.
7
5 + -42 + -8 - (21 - 35)
-31
Evaluate -43 + 41 + 13 + 1.
12
What is 0 - -1 - (9 - (-11 - -20))?
1
Calculate -6 + (43 + -36 - (-4 - -2)) + 10.
13
Evaluate -3 + (10 - 18 - -4) - (3 + -30).
20
Evaluate (14 - (50 + -4)) + (-2 - -3) + -1.
-32
What is (-3 - 27) + -9 + 54?
15
1 + -10 + 13 - -5
9
(-22 - -13 - -14) + -17 + 4 + -6
-14
What is the value of -16 + 6 + 12 - (4 - 5)?
3
What is 5 + (11 - (2 + 18)) + -3 + 1?
-6
What is 16 - (-18 + 51) - -35 - 4?
14
Calculate -17 - (13 - (-1 - -28)).
-3
Calculate -1 - 2 - (-75 + 66).
6
-4 + -4 + (4 - 4) + (-19 - -10)
-17
Calculate -18 + 29 + (-3 - (-2 + 5 + -3)).
8
(-7 - (-5 - 2)) + (2 - 2) - -7
7
Calculate -64 + 13 + 18 + 20.
-13
Evaluate (-25 - 1 - 4) + 11.
-19
Evaluate 8 + (9 - (4 - 8) - 8).
13
Calculate (16 - (-7 + 5 + 12)) + -7 + 2.
1
Calculate (-2 - (-4 + 2)) + 15 + 5 + -22.
-2
What is the value of 48 + -53 - (2 - 19)?
12
What is 9 - 27 - (3 + -10)?
-11
(-2 - -5) + (-6 - -20 - 7)
10
What is (-6 - (-5 - 2)) + 9 - (6 - -1)?
3
19 - (68 + -7 + -32)
-10
Evaluate -18 + (-17 - -13 - 0) + -8.
-30
1 + 24 - (75 - 47)
-3
What is -6 - -12 - (-5 + (1 - -16))?
-6
What is the value of -1 + 13 - (20 - 30) - 8?
14
What is -3 + (8 - (9 + 5)) - 3?
-12
11 - (-9 - -5 - (-8 - -7))
14
What is (26 + -15 - -7) + -20 - -8?
6
Evaluate -22 - (9 - (37 - 16)).
-10
Evaluate -20 + (28 + (49 - 71) - (15 + -1)).
-28
Calculate 12 - (24 - (5 - -1)).
-6
What is (-7 - -6 - (0 + (2 - 3))) + -8?
-8
Calculate -12 - (2 + -16 + (3 - -4)).
-5
Evaluate -14 - (-25 + 11 + -14).
14
0 + (-4 + -5 - (7 + -38)) - 2
20
Calculate 1 + -8 + -51 + (-15 - -54).
-19
-35 - (6 - (1 + (-1 - -21) + -7))
-27
Calculate -2 + 2 - (-6 + (6 - 2)).
2
Evaluate -9 + -1 - (49 + -41 + -1 + -8).
-9
What is -1 + -40 + 21 - 12?
-32
Evaluate (-2 - 5) + (5 - -6) + -7 - 5.
-8
Evaluate -4 + -13 + (15 - 19) + 11.
-10
Calculate (-2 - -28) + (-112 - -106) + -3.
17
Calculate 0 - -2 - (-29 + (5 - -8) - -21).
-3
What is (-9 - -11 - -11) + (-1 - 5) - 7?
0
Calculate 8 + (-6 - ((11 - 6) + -8)).
5
Evaluate -9 - (-14 + 15 + 5).
-15
(0 - 5) + (-2 - (1 + -7)) + -5
-6
What is 13 + -24 + -4 - (2 - 9)?
-8
What is 46 - (-3 - -6 - 3 - -17)?
29
Evaluate -8 + 5 - (1 - 2) - (13 + 7).
-22
0 + 15 + 20 + -41 + (13 - 1)
6
What is the value of -3 - (-3 - -2 - (-5 - -16))?
9
What is the value of -58 - (-59 + 20 - 0)?
-19
45 - 10 - (-15 - -48 - 16)
18
-28 + 41 + -24 + (-11 - 0) + 2
-20
Evaluate -1 - 2 - (13 - 21) - (6 + 1).
-2
What is 20 - (6 + 7) - 7?
0
What is the value of -6 + -4 + (26 - 17)?
-1
-4 + 0 - (4 + 6 + -23)
9
What is the value of 16 - (-1 - -5) - (34 + (6 - 6))?
-22
What is -3 - (11 + -15) - (-1 + 0)?
2
Calculate (0 + -9 - -2) + -2 + 7.
-2
Calculate 4 + -2 + 6 + -26 - (-6 + 2).
-14
What is the value of 0 - (-41 + 18) - -1?
24
What is 12 - 21 - 2 - (-22 + 13)?
-2
1 + -10 + 6 + -5 + 7
-1
What is (-2 - (9 + -18)) + (1 - 4)?
4
What is the value of -5 - (-1 - 6 - (4 + -20 - -11))?
-3
Calculate (100 - 37 - 58) + 20 + 0.
25
What is -3 - -25 - 48 - -20?
-6
What is the value of 0 - ((2 - -21) + -2 + 174 + -180)?
-15
Calculate -5 + -2 + 4 + 5 + -7 + -6.
-11
-2 + 1 + (-9 - -15) - -7 - 3
9
What is the value of (5 - ((-10 - -5) + 3)) + 4 + -1?
10
What is -11 + (-26 - -74) - 28?
9
What is -16 + 2 + 140 + -130 + -11?
-15
Evaluate (-8 - (-49 + 23)) + 1 + -14.
5
Calculate 3 + 14 + (7 - 17) - 23.
-16
Evaluate 3 - (13 - (-8 - -24)).
6
What is the value of -37 + 6 - (-218 - -178)?
9
What is the value of (0 + -1 + -3 - 5) + 7 + -1?
-3
Calculate 12 + -8 + -1 + 4 + -3 + -5.
-1
Evaluate 62 + -66 + 11 - (1 + -19).
25
What is the value of -3 + -4 + 10 + -7 + 1 - -19?
16
Evaluate (-8 - 0) + -88 + 92 + 3.
-1
Evaluate 3 + -23 + 159 + -154.
-15
What is (-4 + 0 - -1) + (-5 + -6 - 2)?
-16
-6 - (-2 + 7 + (7 - 5) + -3)
-10
Calculate 5 + (-16 - -35) + -8 + -15 + 4.
5
Calculate 10 + -2 + 0 - (-277 - -295).
-10
What is -19 - -1 - (-158 + 143)?
-3
What is 1 + -12 + 12 + 1 + 14?
16
Calculate -5 - 4 - ((6 + -14 - -16) + -43).
26
What is 20 + (-13 - 16) - -12?
3
-4 + (-20 - (-23 + 16))
-17
What is 4 - ((-5 - (2 + 3)) + (34 - 25))?
5
What is -4 + (-14 - (-11 + -9) - -13)?
15
Evaluate -9 - (-21 - -19) - (-1 - 20).
14
-11 - (-4 - (3 - -6))
2
Calculate -2 + (-19 - -12) + (7 - -1) + -1.
-2
What is -1 + 7 + (-6 - -13 - (-2 - -10))?
5
What is the value of 5 + 3 + (8 - 12) + 4?
8
What is (5 - 11 - 22) + 33?
5
What is -1 + -13 + 20 + -4?
2
Evaluate (-27 - (11 - 28)) + 11 + 4 + -4.
1
Evaluate -17 + (14 + 36 - 10).
23
Calculate -13 + (1 - (-4 - -5) - 0).
-13
What is the value of (-5 + 2 - -39 - -1) + (-71 - -65)?
31
What is the value of (5 + -9 - (-17 + 5)) + -4 + 2?
6
-12 - (-12 - -4) - -14
10
What is -5 + (22 - 30 - -27)?
14
-5 - ((-1 - -7) + 5 + -4)
-12
What is -4 + 11 + ((-2 - -1) + -3 - 14)?
-11
Calculate (117 - 118 - (4 + -3 - -13)) + 11.
-4
(13 - 3 - 6) + (5 - (5 + -4))
8
Evaluate -5 - 0 - (150 + -154 - (11 + 1)).
11
Calculate (257 - 257) + (0 - -28).
28
Calculate 24 + 15 + (-5 - 31).
3
Evaluate -9 - -4 - (3 + -2) - (-15 + 15).
-6
(-6 - -6 - 5) + (-13 - (-5 - 6))
-7
Calculate -1 + 6 + -65 + 63 + 5.
8
Evaluate 4 + 1 - (-8 - (-10 - (3 + -12))).
12
Calculate 9 + 5 + -18 + -2.
-6
What is -1 + 12 + (10 - 13)?
8
What is 9 + -22 + 47 + -56?
-22
What is (35 - 27) + 0 + 2?
10
What is the value of (5 + -1 - -9) + 0 + 7?
20
What is (12 - 8) + -14 - 12 - (-1 + 3)?
-24
What is (-5 - ((2 - 0) + -11)) + 11?
15
Evaluate -3 + (-31 - -37) + -28.
-25
Evaluate (-6 - (4 - 12)) + -7.
-5
Calculate -47 - -53 - (-2 - (-7 + -4 + -1)).
-4
What is the value of 5 + 20 - (-10 - (-9 - 0) - -8)?
18
What is the value of 5 - (-3 - (-2 + (-9 - -24)))?
21
What is the value of -3 + (1 - 0) + (-13 - (-1 + -18))?
4
Evaluate -15 - (3 - (5 - (2 + -8 - -11))).
-18
Calculate -14 - (-2 + 11 + -17) - (-1 + 2).
-7
Evaluate 28 + -15 + 10 - (0 + 18).
5
41 - (13 + 4) - 42
-18
Calculate (-13 - (-18 + 11) - -2) + (-5 - -13).
4
Calculate 38 - (-3 - (3 - (10 - -3))).
31
Evaluate -8 + 14 + (-7 - -20) - 7.
12
16 - (8 - (14 + -20))
2
Calculate 6 - 3 - (-5 + 3 - (-25 - 0)).
-20
-6 + 16 + -9 - (3 - (1 + 0))
-1
Calculate (-69 - -58) + 12 + (-8 + -1 - -1).
-7
What is 4 + 3 + (-2 - (14 + -6))?
-3
What is the value of -11 + (14 - 5) + (3 - 5)?
-4
0 - 9 - (10 + 1) - (-11 - -4)
-13
Evaluate 1 - 10 - (65 + -83).
9
Evaluate (-2 - -12) + -7 - (0 + -2).
5
What is -2 - (23 - 11) - -26?
12
Calculate 8 + 5 + (4 - 4) - (-11 + 2).
22
What is (0 + 2 - (-2 + 4)) + 112 + -115?
-3
What is (1 + -9 - 21) + 35?
6
Calculate 11 + 2 + 9 + 3 - 1.
24
What is -4 + 5 + (-14 - -1